{"id":1131,"date":"2021-01-24T16:40:02","date_gmt":"2021-01-24T16:40:02","guid":{"rendered":"http:\/\/centroibon.es\/?page_id=1131"},"modified":"2021-01-24T16:49:21","modified_gmt":"2021-01-24T16:49:21","slug":"cookies","status":"publish","type":"page","link":"https:\/\/centroibon.es\/index.php\/cookies\/","title":{"rendered":"cookies"},"content":{"rendered":"<p><strong>\u00bfQu\u00e9 son las cookies? <\/strong><\/p>\n<p>Una cookie es un fichero que se descarga en su ordenador al acceder a determinadas p\u00e1ginas web. Las cookies permiten a una p\u00e1gina web, entre otras cosas, almacenar y recuperar informaci\u00f3n sobre los h\u00e1bitos de navegaci\u00f3n de un usuario o de su equipo y, dependiendo de la informaci\u00f3n que contengan y de la forma en que utilice su equipo, pueden utilizarse para reconocer al usuario.<\/p>\n<p><strong>\u00bfQu\u00e9 tipos de cookies utiliza esta p\u00e1gina web? <\/strong><\/p>\n<p><strong>Seg\u00fan la entidad que las gestiona:<\/strong><\/p>\n<ul>\n<li><u>Cookies propias<\/u>: son aqu\u00e9llas que se env\u00edan al equipo terminal del usuario desde un equipo o dominio gestionado por el propio editor y desde el que se presta el servicio solicitado por el usuario.<\/li>\n<li><u>Cookies de terceros:<\/u> son aquellas que se env\u00edan al equipo terminal del usuario desde un equipo o dominio que no es gestionado por el editor, sino por otra entidad que trata los datos obtenidos a trav\u00e9s de cookies, o cookies instaladas desde un equipo o dominio gestionado por el propio editor, pero la informaci\u00f3n que se recoge es gestionada por un tercero. En este caso se utilizan Cookies de redes sociales externas, que se utilizan para que los visitantes puedan\u00a0interactuar con el contenido de diferentes plataformas sociales (Facebook, YouTube, Twitter, LinkedIn, etc.) y que se generan \u00fanicamente para los usuarios de dichas redes sociales. Las condiciones de utilizaci\u00f3n de estas cookies y la informaci\u00f3n recopilada se regulan por la pol\u00edtica de privacidad de la plataforma social correspondiente.<\/li>\n<\/ul>\n<p><strong>Seg\u00fan la cantidad de tiempo que permanecen activas:<\/strong><\/p>\n<ul>\n<li><u>Cookies permanentes<\/u>: son almacenadas en el disco duro y nuestra P\u00e1gina Web las lee cada vez que usted realiza una nueva visita. Una P\u00e1gina Web permanente posee una fecha de expiraci\u00f3n determinada. La cookie dejar\u00e1 de funcionar despu\u00e9s de esa fecha.<\/li>\n<li><u>Cookies de sesi\u00f3n<\/u>: son cookies temporales que permanecen en el archivo de cookies de su navegador hasta que abandone la P\u00e1gina Web, por lo que ninguna queda registrada en el disco duro del usuario. La informaci\u00f3n obtenida por medio de estas cookies, sirven para analizar pautas de tr\u00e1fico en la P\u00e1gina Web. A la larga, esto nos permite proporcionar una mejor experiencia para mejorar el contenido facilitando su uso.<\/li>\n<\/ul>\n<p><strong>Seg\u00fan su finalidad:<\/strong><\/p>\n<ul>\n<li><em><u>Cookies <\/u><\/em><u>t\u00e9cnicas<\/u>: Son aqu\u00e9llas que permiten al usuario la navegaci\u00f3n a trav\u00e9s de una p\u00e1gina web, plataforma o aplicaci\u00f3n y la utilizaci\u00f3n de las diferentes opciones o servicios que en ella existan como, por ejemplo, controlar el tr\u00e1fico y la comunicaci\u00f3n de datos, identificar la sesi\u00f3n, acceder a partes de acceso restringido, recordar los elementos que integran un pedido, realizar el proceso de compra de un pedido, realizar la solicitud de inscripci\u00f3n o participaci\u00f3n en un evento, utilizar elementos de seguridad durante la navegaci\u00f3n, almacenar contenidos para la difusi\u00f3n de videos o sonido o compartir contenidos a trav\u00e9s de redes sociales.<\/li>\n<li><u>Cookies de an\u00e1lisis<\/u>: Son aqu\u00e9llas que permiten al responsable de las mismas, el seguimiento y an\u00e1lisis del comportamiento de los usuarios de los sitios web a los que est\u00e1n vinculadas. La informaci\u00f3n recogida mediante este tipo de cookies se utiliza en la medici\u00f3n de la actividad de los sitios web, aplicaci\u00f3n o plataforma y para la elaboraci\u00f3n de perfiles de navegaci\u00f3n de los usuarios de dichos sitios, aplicaciones y plataformas, con el fin de introducir mejoras en funci\u00f3n del an\u00e1lisis de los datos de uso que hacen los usuarios del servicio.<\/li>\n<li><u>Cookies de personalizaci\u00f3n<\/u>: Son aqu\u00e9llas que permiten al usuario acceder al servicio con algunas caracter\u00edsticas de car\u00e1cter general predefinidas en funci\u00f3n de una serie de criterios en el terminal del usuario como por ejemplo serian el idioma, el tipo de navegador a trav\u00e9s del cual accede al servicio, la configuraci\u00f3n regional desde donde accede al servicio, etc.<\/li>\n<li><u>Cookies publicitarias<\/u>: Son aqu\u00e9llas que permiten la gesti\u00f3n, de la forma m\u00e1s eficaz posible, de los espacios publicitarios que, en su caso, el editor haya incluido en una p\u00e1gina web, aplicaci\u00f3n o plataforma desde la que presta el servicio solicitado en base a criterios como el contenido editado o la frecuencia en la que se muestran los anuncios.<\/li>\n<li><u>Cookies de publicidad comportamental<\/u>: Son aqu\u00e9llas que permiten la gesti\u00f3n, de la forma m\u00e1s eficaz posible, de los espacios publicitarios que, en su caso, el editor haya incluido en una p\u00e1gina web, aplicaci\u00f3n o plataforma desde la que presta el servicio solicitado. Estas cookies almacenan informaci\u00f3n del comportamiento de los usuarios obtenida a trav\u00e9s de la observaci\u00f3n continuada de sus h\u00e1bitos de navegaci\u00f3n, lo que permite desarrollar un perfil espec\u00edfico para mostrar publicidad en funci\u00f3n del mismo.<\/li>\n<\/ul>\n<table width=\"595\">\n<tbody>\n<tr>\n<td width=\"112\"><strong>PROVEEDOR<\/strong><\/td>\n<td width=\"113\"><strong>COOKIE<\/strong><\/td>\n<td width=\"105\"><strong>PLAZO DE EXPIRACI\u00d3N<\/strong><\/td>\n<td width=\"113\"><strong>TIPO DE COOKIE<\/strong><\/td>\n<td width=\"152\"><strong>FINALIDAD<\/strong><\/td>\n<\/tr>\n<tr>\n<td rowspan=\"3\" width=\"112\"><strong>Propio <\/strong><\/p>\n<p><strong>Centroibon.es<\/strong><\/td>\n<td width=\"113\"><strong>_gid<\/strong><\/td>\n<td width=\"105\">24 horas<\/td>\n<td width=\"113\">\u00a0Anal\u00edtica<\/td>\n<td width=\"152\">Se usa para distinguir a los usuarios.<\/td>\n<\/tr>\n<tr>\n<td width=\"113\"><strong>_gat<\/strong><\/td>\n<td width=\"105\">10 minutos<\/td>\n<td width=\"113\">Anal\u00edtica<\/td>\n<td width=\"152\">Cookie que se utiliza para diferenciar entre los diferentes objetos de seguimiento creados en la sesi\u00f3n. La cookie se actualiza cada vez que env\u00eda los datos a Google Analytics.<\/td>\n<\/tr>\n<tr>\n<td width=\"113\"><strong>_ga<\/strong><\/td>\n<td width=\"105\">2 a\u00f1os<\/td>\n<td width=\"113\">Anal\u00edtica<\/td>\n<td width=\"152\">Esta cookie se utiliza para distinguir usuarios \u00fanicos mediante la asignaci\u00f3n de un n\u00famero generado aleatoriamente como identificador de cliente<\/td>\n<\/tr>\n<tr>\n<td width=\"112\"><strong>Google<\/strong><\/td>\n<td width=\"113\"><strong>CONSENT<\/strong><\/td>\n<td width=\"105\">18 a\u00f1os y 4 meses<\/td>\n<td width=\"113\">Anal\u00edtica<\/td>\n<td width=\"152\">Complemento de JavaScript para alertar a los usuarios sobre el uso de cookies en el sitio web.<\/td>\n<\/tr>\n<tr>\n<td width=\"112\"><strong>WordPress<\/strong><\/td>\n<td width=\"113\"><strong>Plugin-Key<\/strong><\/td>\n<td width=\"105\">1 a\u00f1o<\/td>\n<td width=\"113\">Tercero<\/td>\n<td width=\"152\">Almacena datos de navegaci\u00f3n del usuario<\/td>\n<\/tr>\n<\/tbody>\n<\/table>\n<p><strong>Esta informaci\u00f3n la utilizamos para mejorar nuestra p\u00e1gina<\/strong>, detectar nuevas necesidades y valorar las mejoras a introducir con la finalidad de prestar un mejor servicio a los usuarios que nos visitan.<\/p>\n<p><strong>\u00bfC\u00f3mo deshabilitar las Cookies?<\/strong><\/p>\n<p>Puede usted permitir, bloquear o eliminar las cookies instaladas en su equipo mediante la configuraci\u00f3n de las opciones del navegador instalado en su ordenador.<\/p>\n<ul>\n<li><strong>Internet Explorer<\/strong>: Herramientas -&gt; Opciones de Internet\u00a0-&gt; Privacidad\u00a0-&gt; Configuraci\u00f3n.<\/li>\n<\/ul>\n<p>Para m\u00e1s informaci\u00f3n, puede consultar el\u00a0<a href=\"http:\/\/windows.microsoft.com\/es-ES\/windows\/support\">soporte de Microsoft<\/a>\u00a0o la Ayuda del navegador.<\/p>\n<ul>\n<li><strong>Firefox<\/strong>: Herramientas\u00a0-&gt; Opciones\u00a0-&gt; Privacidad\u00a0-&gt; Historial\u00a0-&gt; Configuraci\u00f3n Personalizada.<\/li>\n<\/ul>\n<p>Para m\u00e1s informaci\u00f3n, puede consultar el\u00a0<a href=\"http:\/\/support.mozilla.org\/es\/home\">soporte de Mozilla<\/a>\u00a0o la Ayuda del navegador.<\/p>\n<ul>\n<li><strong>Chrome:<\/strong> Configuraci\u00f3n\u00a0-&gt; Mostrar opciones avanzadas\u00a0-&gt; Privacidad\u00a0-&gt; Configuraci\u00f3n de contenido.<\/li>\n<\/ul>\n<p>Para m\u00e1s informaci\u00f3n, puede consultar el\u00a0<a href=\"http:\/\/support.google.com\/chrome\/?hl=es\">soporte de Google<\/a>\u00a0o la Ayuda del navegador.<\/p>\n<ul>\n<li><strong>Safari<\/strong>: Preferencias\u00a0-&gt; Seguridad.<\/li>\n<\/ul>\n<p>Para m\u00e1s informaci\u00f3n, puede consultar el\u00a0<a href=\"http:\/\/www.apple.com\/es\/support\/safari\/\">soporte de Apple<\/a>\u00a0o la Ayuda del navegador.<\/p>\n<p><strong>\u00bfQu\u00e9 ocurre si se deshabilitan las Cookies?<\/strong><\/p>\n<p>Algunas funcionalidades de los servicios quedar\u00e1n deshabilitadas como, por ejemplo, permanecer\u00a0identificado, recibir informaci\u00f3n dirigida a su localizaci\u00f3n o la visualizaci\u00f3n de algunos v\u00eddeos.<\/p>\n<p>&nbsp;<\/p>\n","protected":false},"excerpt":{"rendered":"<p>\u00bfQu\u00e9 son las cookies? Una cookie es un fichero que se descarga en su ordenador al acceder a determinadas p\u00e1ginas web. Las cookies permiten a una p\u00e1gina web, entre otras cosas, almacenar<a class=\"moretag\" href=\"https:\/\/centroibon.es\/index.php\/cookies\/\">Leer m\u00e1s&#8230;<\/a><\/p>\n","protected":false},"author":1,"featured_media":0,"parent":0,"menu_order":0,"comment_status":"closed","ping_status":"closed","template":"","meta":{"_monsterinsights_skip_tracking":false,"_monsterinsights_sitenote_active":false,"_monsterinsights_sitenote_note":"","_monsterinsights_sitenote_category":0,"footnotes":""},"class_list":["post-1131","page","type-page","status-publish","hentry"],"aioseo_notices":[],"_links":{"self":[{"href":"https:\/\/centroibon.es\/index.php\/wp-json\/wp\/v2\/pages\/1131","targetHints":{"allow":["GET"]}}],"collection":[{"href":"https:\/\/centroibon.es\/index.php\/wp-json\/wp\/v2\/pages"}],"about":[{"href":"https:\/\/centroibon.es\/index.php\/wp-json\/wp\/v2\/types\/page"}],"author":[{"embeddable":true,"href":"https:\/\/centroibon.es\/index.php\/wp-json\/wp\/v2\/users\/1"}],"replies":[{"embeddable":true,"href":"https:\/\/centroibon.es\/index.php\/wp-json\/wp\/v2\/comments?post=1131"}],"version-history":[{"count":23,"href":"https:\/\/centroibon.es\/index.php\/wp-json\/wp\/v2\/pages\/1131\/revisions"}],"predecessor-version":[{"id":1153,"href":"https:\/\/centroibon.es\/index.php\/wp-json\/wp\/v2\/pages\/1131\/revisions\/1153"}],"wp:attachment":[{"href":"https:\/\/centroibon.es\/index.php\/wp-json\/wp\/v2\/media?parent=1131"}],"curies":[{"name":"wp","href":"https:\/\/api.w.org\/{rel}","templated":true}]}}