{"id":1155,"date":"2021-01-24T16:47:39","date_gmt":"2021-01-24T16:47:39","guid":{"rendered":"http:\/\/centroibon.es\/?page_id=1155"},"modified":"2021-01-24T16:47:39","modified_gmt":"2021-01-24T16:47:39","slug":"politica-privacidad","status":"publish","type":"page","link":"https:\/\/centroibon.es\/index.php\/politica-privacidad\/","title":{"rendered":"politica privacidad"},"content":{"rendered":"<p>POL\u00cdTICA DE PRIVACIDAD<\/p>\n<p><strong>Asociaci\u00f3n para la Atenci\u00f3n y Prevenci\u00f3n de Drogodependencias \u201cIB\u00d3N\u201d<\/strong> informa a los usuarios del sitio web sobre su pol\u00edtica respecto del tratamiento y protecci\u00f3n de los datos de car\u00e1cter personal de los usuarios que puedan ser recabados por la navegaci\u00f3n a trav\u00e9s de su sitio web. En este sentido, <strong>Asociaci\u00f3n para la Atenci\u00f3n y Prevenci\u00f3n de Drogodependencias \u201cIB\u00d3N\u201d<\/strong>, garantiza el cumplimiento de la normativa vigente en materia de protecci\u00f3n de datos personales, reflejada en el Reglamento General de Protecci\u00f3n de Datos (RGPD) (UE) 2016\/679 y en la Ley Org\u00e1nica 3\/2018, de 5 de diciembre, de Protecci\u00f3n de Datos Personales y garant\u00eda de los derechos digitales.<\/p>\n<p>\u00bfQui\u00e9n es el responsable del tratamiento?<\/p>\n<table>\n<tbody>\n<tr>\n<td colspan=\"2\" width=\"566\"><strong>RESPONSABLE DEL TRATAMIENTO<\/strong><\/td>\n<\/tr>\n<tr>\n<td width=\"198\"><strong>Nombre del Responsable<\/strong><\/td>\n<td width=\"368\"><strong>Asociaci\u00f3n para la Atenci\u00f3n y Prevenci\u00f3n de Drogodependencias \u201cIB\u00d3N\u201d<\/strong><\/td>\n<\/tr>\n<tr>\n<td width=\"198\"><strong>C.I.F.<\/strong><\/td>\n<td width=\"368\">G22202105<\/td>\n<\/tr>\n<tr>\n<td width=\"198\"><strong>Domicilio<\/strong><\/td>\n<td width=\"368\">Calle Arag\u00f3n 16 Bajo CP 22600 Sabi\u00f1\u00e1nigo<\/td>\n<\/tr>\n<tr>\n<td width=\"198\"><strong>Tel\u00e9fono<\/strong><\/td>\n<td width=\"368\">692621685<\/td>\n<\/tr>\n<tr>\n<td width=\"198\"><strong>Correo electr\u00f3nico<\/strong><\/td>\n<td width=\"368\"><a href=\"mailto:Ibon_drog@hotmail.com\">Ibon_drog@hotmail.com<\/a><\/td>\n<\/tr>\n<\/tbody>\n<\/table>\n<p>&nbsp;<\/p>\n<p>\u00bfQu\u00e9 tratamientos de datos se realizan en este sitio web?<\/p>\n<p>A continuaci\u00f3n, se describen las distintas actividades de tratamiento que <strong>Asociaci\u00f3n para la Atenci\u00f3n y Prevenci\u00f3n de Drogodependencias \u201cIB\u00d3N\u201d<\/strong> lleva a cabo en este sitio web. Adem\u00e1s, se informa al Usuario de que en ning\u00fan caso <strong>Asociaci\u00f3n para la Atenci\u00f3n y Prevenci\u00f3n de Drogodependencias \u201cIB\u00d3N\u201d<\/strong> tratar\u00e1 los datos personales para finalidades distintas de las que se describen a continuaci\u00f3n.<\/p>\n<table>\n<tbody>\n<tr>\n<td colspan=\"2\" width=\"566\"><strong>FORMULARIO DE CONTACTO<\/strong><\/td>\n<\/tr>\n<tr>\n<td width=\"283\"><strong>Entidad Responsable<\/strong><\/td>\n<td width=\"283\"><strong>Asociaci\u00f3n para la Atenci\u00f3n y Prevenci\u00f3n de Drogodependencias \u201cIB\u00d3N\u201d<\/strong><\/td>\n<\/tr>\n<tr>\n<td width=\"283\"><strong>Finalidad del Tratamiento<\/strong><\/td>\n<td width=\"283\">Resolver cualesquiera preguntas y comentarios planteados por medio del formulario de contacto.<\/td>\n<\/tr>\n<tr>\n<td width=\"283\"><strong>Base Legitimadora<\/strong><\/td>\n<td width=\"283\">o\u00a0\u00a0\u00a0 Art\u00edculo 6.1.a RGPD: El consentimiento expreso otorgado por el interesado en el momento en el que acepta esta pol\u00edtica de privacidad de manera previa al env\u00edo de sus datos personales por medio del formulario de contacto.<\/td>\n<\/tr>\n<tr>\n<td width=\"283\"><strong>Afectados<\/strong><\/td>\n<td width=\"283\">Usuarios de la p\u00e1gina web.<\/td>\n<\/tr>\n<tr>\n<td width=\"283\"><strong>Categor\u00eda de Datos<\/strong><\/td>\n<td width=\"283\">o\u00a0\u00a0\u00a0 Datos de car\u00e1cter identificativo: Nombre y apellidos, email y tel\u00e9fono.<\/td>\n<\/tr>\n<tr>\n<td width=\"283\"><strong>Destinatarios<\/strong><\/td>\n<td width=\"283\">No se ceder\u00e1n datos a terceros.<\/td>\n<\/tr>\n<tr>\n<td width=\"283\"><strong>Transferencias Internacionales<\/strong><\/td>\n<td width=\"283\">No se prev\u00e9n transferencias internacionales de datos.<\/td>\n<\/tr>\n<tr>\n<td width=\"283\"><strong>Plazo de Supresi\u00f3n<\/strong><\/td>\n<td width=\"283\">Se conservar\u00e1n durante el tiempo necesario para cumplir con la finalidad para la que se recabaron, hasta que se solicite la supresi\u00f3n por parte del interesado o durante los a\u00f1os necesarios para cumplir con las obligaciones legales.<\/td>\n<\/tr>\n<\/tbody>\n<\/table>\n<p>&nbsp;<\/p>\n<p>\u00bfSe enviar\u00e1 informaci\u00f3n comercial?<\/p>\n<p><strong>Asociaci\u00f3n para la Atenci\u00f3n y Prevenci\u00f3n de Drogodependencias \u201cIB\u00d3N\u201d<\/strong> En ning\u00fan momento, utilizar\u00e1 la informaci\u00f3n facilitada por el usuario y\/o recabada a trav\u00e9s de la p\u00e1gina web, para el env\u00edo de informaciones comerciales. En el caso de que se fuese a utilizar para esta finalidad, se contar\u00eda siempre con el previo consentimiento del propio usuario y bajo las directrices del cumplimiento normativo de la normativa actual de protecci\u00f3n de datos.<\/p>\n<p>\u00bfCompartimos datos con terceros a trav\u00e9s del uso de Cookies?<\/p>\n<p><strong>Asociaci\u00f3n para la Atenci\u00f3n y Prevenci\u00f3n de Drogodependencias \u201cIB\u00d3N\u201d<\/strong> no ceder\u00e1 los datos personales de los Usuarios recabados a trav\u00e9s de las Cookies propias que utiliza este sitio web a ning\u00fan tercero.<\/p>\n<p>Uso de links y enlaces externos<\/p>\n<p>El sitio de web de <strong>Asociaci\u00f3n para la Atenci\u00f3n y Prevenci\u00f3n de Drogodependencias \u201cIB\u00d3N\u201d<\/strong> puede contener enlaces a sitios web de terceros, cuyas pol\u00edticas de privacidad y cookies son ajenas a <strong>Asociaci\u00f3n para la Atenci\u00f3n y Prevenci\u00f3n de Drogodependencias \u201cIB\u00d3N\u201d<\/strong> .Por ello, <strong>Asociaci\u00f3n para la Atenci\u00f3n y Prevenci\u00f3n de Drogodependencias \u201cIB\u00d3N\u201d<\/strong> no garantiza, ni se hace responsable de la licitud, fiabilidad, utilidad, veracidad y actualidad de los contenidos de tales sitios web o de sus pr\u00e1cticas de privacidad. Por lo que se recomienda que, antes de proporcionar informaci\u00f3n personal a estos sitios web, se tenga en cuenta su pol\u00edtica de privacidad puesto que pueden diferir de la nuestra.<\/p>\n<p>&nbsp;<\/p>\n<p>\u00bfCu\u00e1les son sus derechos cuando facilita su consentimiento y c\u00f3mo puedo ejercitarlos?<\/p>\n<p><strong>Asociaci\u00f3n para la Atenci\u00f3n y Prevenci\u00f3n de Drogodependencias \u201cIB\u00d3N\u201d<\/strong> le informa de que usted puede ejercitar los siguientes derechos:<\/p>\n<ul>\n<li><strong>Derecho de acceso:<\/strong> Usted tiene derecho a obtener confirmaci\u00f3n sobre si en <strong>Asociaci\u00f3n para la Atenci\u00f3n y Prevenci\u00f3n de Drogodependencias \u201cIB\u00d3N\u201d<\/strong> se est\u00e1n tratando sus datos personales. Y en caso afirmativo, tiene derecho a solicitar el acceso a los mismos (art. 15 RGPD).<\/li>\n<li><strong>Derecho de rectificaci\u00f3n: <\/strong>El interesado tiene reconocida la posibilidad de que se proceda a la modificaci\u00f3n de los datos err\u00f3neos que <strong>Asociaci\u00f3n para la Atenci\u00f3n y Prevenci\u00f3n de Drogodependencias \u201cIB\u00d3N\u201d<\/strong> posee y que le conciernen, incluida la posibilidad de solicitar que se completen los datos personales que sean incompletos (art. 16 RGPD).<\/li>\n<li><strong>Derecho de supresi\u00f3n: <\/strong>Permite al interesado solicitar a <strong>Asociaci\u00f3n para la Atenci\u00f3n y Prevenci\u00f3n de Drogodependencias \u201cIB\u00d3N\u201d<\/strong> que sus datos sean suprimidos si concurre alguna de las circunstancias descritas en el art\u00edculo 17.1 RGPD.<\/li>\n<li><strong>Derecho de oposici\u00f3n: <\/strong>Faculta al interesado a oponerse en cualquier momento, por motivos de su situaci\u00f3n particular, al tratamiento de sus datos en base a la realizaci\u00f3n de una misi\u00f3n de inter\u00e9s de inter\u00e9s p\u00fablico o para la satisfacci\u00f3n de intereses leg\u00edtimos del responsable del tratamiento o de terceros (art\u00edculo 21 RGPD).<\/li>\n<li><strong>Derecho de limitaci\u00f3n del tratamiento: <\/strong>Permite al interesado obtener dicha limitaci\u00f3n si concurre alguna de las circunstancias descritas en el art\u00edculo 18 del RGPD.<\/li>\n<li><strong>Derecho de portabilidad de los datos: <\/strong>El interesado puede obtener una copia de todos los datos personales que hayan sido facilitados por el mismo, al responsable del tratamiento, en un formato estructurado, de uso com\u00fan, que permite la lectura mec\u00e1nica de los mismos.<\/li>\n<\/ul>\n<p>Para el ejercicio de los derechos mencionados de acceso, rectificaci\u00f3n, supresi\u00f3n, oposici\u00f3n, limitaci\u00f3n del tratamiento y portabilidad de los datos, los afectados deben dirigirse a <strong>Asociaci\u00f3n para la Atenci\u00f3n y Prevenci\u00f3n de Drogodependencias \u201cIB\u00d3N\u201d<\/strong>, en la direcci\u00f3n C\/Arag\u00f3n n\u00ba 16 Bajo, CP 22600 Sabi\u00f1anigo.<\/p>\n<p>Tambi\u00e9n podr\u00e1 comunicarse con a trav\u00e9s del correo electr\u00f3nico <a href=\"mailto:ibon_drog@hotmail.com\">ibon_drog@hotmail.com<\/a> .<\/p>\n<p>La solicitud de ejercicio del derecho debe de ir acompa\u00f1ada de su nombre y apellidos, fotocopia del DNI\/NIF, derecho que desea solicitar, contenido de su petici\u00f3n y un domicilio a efecto de notificaciones.<\/p>\n<p>\u00bfQu\u00e9 medidas de seguridad adoptamos en el tratamiento de sus datos?<\/p>\n<p><strong>Asociaci\u00f3n para la Atenci\u00f3n y Prevenci\u00f3n de Drogodependencias \u201cIB\u00d3N\u201d<\/strong> le informa que tiene implantadas las medidas de seguridad de \u00edndole t\u00e9cnica y organizativas necesarias para garantizar la seguridad de sus datos de car\u00e1cter personal y evitar su alteraci\u00f3n, p\u00e9rdida y tratamiento y\/o acceso no autorizado.<\/p>\n<p>Concretamente, Las medidas de seguridad que se han implantado se corresponden con las previstas en el Anexo II del Real Decreto 3\/2010, de 8 de enero, por el que se regula el Esquema Nacional de Seguridad en el \u00e1mbito de la Administraci\u00f3n Electr\u00f3nica.<\/p>\n<p>Modificaci\u00f3n de la pol\u00edtica de privacidad<\/p>\n<p><strong>Asociaci\u00f3n para la Atenci\u00f3n y Prevenci\u00f3n de Drogodependencias \u201cIB\u00d3N\u201d<\/strong> se reserva el derecho a modificar esta Pol\u00edtica de Privacidad para adaptar novedades legislativas, jurisprudenciales o doctrinales. Por ello, se recomienda su lectura antes de cada acceso y navegaci\u00f3n por el sitio web.<\/p>\n<p>No obstante, las relaciones establecidas con los usuarios, con anterioridad a la modificaci\u00f3n de la Pol\u00edtica de Privacidad, se regir\u00e1n por las normas previstas en el momento en que el Usuario accedi\u00f3 al sitio web, sin perjuicio de lo establecido en Reglamento General de Protecci\u00f3n de Datos.<\/p>\n<p>\u00bfPuedo presentar una reclamaci\u00f3n ante la AEPD?<\/p>\n<p>Los interesados tambi\u00e9n tendr\u00e1n derecho a la tutela judicial efectiva y a presentar una reclamaci\u00f3n ante la autoridad de control, en este caso, la Agencia Espa\u00f1ola de Protecci\u00f3n de Datos, si consideran que el tratamiento de datos personales que le conciernen infringe el Reglamento. Podr\u00e1n reclamar mediante escrito digital a la Agencia Espa\u00f1ola de Protecci\u00f3n de Datos, C\/Jorge Juan n\u00ba 6, 28001 Madrid o bien accediendo a su sede electr\u00f3nica: <a href=\"https:\/\/sedeagpd.gob.es\/sede-electronica-web\/\">https:\/\/sedeagpd.gob.es\/sede-electronica-web\/<\/a><\/p>\n<p>&nbsp;<\/p>\n","protected":false},"excerpt":{"rendered":"<p>POL\u00cdTICA DE PRIVACIDAD Asociaci\u00f3n para la Atenci\u00f3n y Prevenci\u00f3n de Drogodependencias \u201cIB\u00d3N\u201d informa a los usuarios del sitio web sobre su pol\u00edtica respecto del tratamiento y protecci\u00f3n de los datos de car\u00e1cter<a class=\"moretag\" href=\"https:\/\/centroibon.es\/index.php\/politica-privacidad\/\">Leer m\u00e1s&#8230;<\/a><\/p>\n","protected":false},"author":1,"featured_media":0,"parent":0,"menu_order":0,"comment_status":"closed","ping_status":"closed","template":"","meta":{"_monsterinsights_skip_tracking":false,"_monsterinsights_sitenote_active":false,"_monsterinsights_sitenote_note":"","_monsterinsights_sitenote_category":0,"footnotes":""},"class_list":["post-1155","page","type-page","status-publish","hentry"],"aioseo_notices":[],"_links":{"self":[{"href":"https:\/\/centroibon.es\/index.php\/wp-json\/wp\/v2\/pages\/1155","targetHints":{"allow":["GET"]}}],"collection":[{"href":"https:\/\/centroibon.es\/index.php\/wp-json\/wp\/v2\/pages"}],"about":[{"href":"https:\/\/centroibon.es\/index.php\/wp-json\/wp\/v2\/types\/page"}],"author":[{"embeddable":true,"href":"https:\/\/centroibon.es\/index.php\/wp-json\/wp\/v2\/users\/1"}],"replies":[{"embeddable":true,"href":"https:\/\/centroibon.es\/index.php\/wp-json\/wp\/v2\/comments?post=1155"}],"version-history":[{"count":1,"href":"https:\/\/centroibon.es\/index.php\/wp-json\/wp\/v2\/pages\/1155\/revisions"}],"predecessor-version":[{"id":1156,"href":"https:\/\/centroibon.es\/index.php\/wp-json\/wp\/v2\/pages\/1155\/revisions\/1156"}],"wp:attachment":[{"href":"https:\/\/centroibon.es\/index.php\/wp-json\/wp\/v2\/media?parent=1155"}],"curies":[{"name":"wp","href":"https:\/\/api.w.org\/{rel}","templated":true}]}}